{"id":24867,"date":"2025-08-11T09:50:42","date_gmt":"2025-08-11T09:50:42","guid":{"rendered":"https:\/\/renhalikoltukyikama.com.tr\/?page_id=24867"},"modified":"2025-08-11T09:53:56","modified_gmt":"2025-08-11T09:53:56","slug":"hatay-yorgan-yikama","status":"publish","type":"page","link":"https:\/\/renhalikoltukyikama.com.tr\/?page_id=24867","title":{"rendered":"Hatay Yorgan Y\u0131kama"},"content":{"rendered":"\t\t<div data-elementor-type=\"wp-page\" data-elementor-id=\"24867\" class=\"elementor elementor-24867\">\n\t\t\t\t\t\t<section class=\"wd-negative-gap elementor-section elementor-top-section elementor-element elementor-element-4c9b58e8 wd-section-stretch elementor-section-content-middle elementor-section-boxed elementor-section-height-default elementor-section-height-default\" data-id=\"4c9b58e8\" data-element_type=\"section\" data-settings=\"{&quot;background_background&quot;:&quot;classic&quot;}\">\n\t\t\t\t\t\t\t<div class=\"elementor-background-overlay\"><\/div>\n\t\t\t\t\t\t\t<div class=\"elementor-container elementor-column-gap-no\">\n\t\t\t\t\t<div class=\"elementor-column elementor-col-50 elementor-top-column elementor-element elementor-element-36f36b1c\" data-id=\"36f36b1c\" data-element_type=\"column\" data-settings=\"{&quot;background_background&quot;:&quot;classic&quot;}\">\n\t\t\t<div class=\"elementor-widget-wrap elementor-element-populated\">\n\t\t\t\t\t\t<section class=\"wd-negative-gap elementor-section elementor-inner-section elementor-element elementor-element-54e8966e elementor-section-boxed elementor-section-height-default elementor-section-height-default\" data-id=\"54e8966e\" data-element_type=\"section\" data-settings=\"{&quot;background_background&quot;:&quot;classic&quot;}\">\n\t\t\t\t\t\t<div class=\"elementor-container elementor-column-gap-default\">\n\t\t\t\t\t<div class=\"elementor-column elementor-col-100 elementor-inner-column elementor-element elementor-element-21f1ea16\" data-id=\"21f1ea16\" data-element_type=\"column\">\n\t\t\t<div class=\"elementor-widget-wrap elementor-element-populated\">\n\t\t\t\t\t\t<div class=\"elementor-element elementor-element-47fcf767 wd-width-100 elementor-widget elementor-widget-wd_title\" data-id=\"47fcf767\" data-element_type=\"widget\" data-widget_type=\"wd_title.default\">\n\t\t\t\t<div class=\"elementor-widget-container\">\n\t\t\t\t\t\t\t\t<link rel=\"stylesheet\" id=\"wd-section-title-css\" href=\"https:\/\/renhalikoltukyikama.com.tr\/wp-content\/themes\/woodmart\/css\/parts\/el-section-title.min.css?ver=7.6.0\" type=\"text\/css\" media=\"all\" \/> \t\t\t\t\t<div class=\"title-wrapper set-mb-s reset-last-child wd-title-color-default wd-title-style-default wd-title-size-default text-left\">\n\n\t\t\t\n\t\t\t<div class=\"liner-continer\">\n\t\t\t\t<h4 class=\"woodmart-title-container title wd-fontsize-l\">Yorgan Y\u0131kama<\/h4> \n\t\t\t\t\t\t\t<\/div>\n\n\t\t\t\t\t<\/div>\n\t\t\t\t\t\t<\/div>\n\t\t\t\t<\/div>\n\t\t\t\t<div class=\"elementor-element elementor-element-2bff7de2 elementor-widget elementor-widget-wd_text_block\" data-id=\"2bff7de2\" data-element_type=\"widget\" data-widget_type=\"wd_text_block.default\">\n\t\t\t\t<div class=\"elementor-widget-container\">\n\t\t\t\t\t\t\t\t<link rel=\"stylesheet\" id=\"wd-text-block-css\" href=\"https:\/\/renhalikoltukyikama.com.tr\/wp-content\/themes\/woodmart\/css\/parts\/el-text-block.min.css?ver=7.6.0\" type=\"text\/css\" media=\"all\" \/> \t\t\t\t\t<div class=\"wd-text-block reset-last-child text-left\">\n\t\t\t\n\t\t\t<p>Yorganlar, \u00f6zellikle k\u0131\u015f aylar\u0131nda s\u00fcrekli kullan\u0131ld\u0131klar\u0131 i\u00e7in zamanla toz, kir, ter ve bakterileri hapseder. D\u00fczenli olarak temizlenmeyen yorganlar hem sa\u011fl\u0131\u011f\u0131n\u0131z\u0131 olumsuz etkiler hem de k\u00f6t\u00fc koku olu\u015fumuna neden olur. <strong data-start=\"389\" data-end=\"412\">Hatay yorgan y\u0131kama<\/strong> hizmetimizle, yorganlar\u0131n\u0131z\u0131 derinlemesine temizleyerek ilk g\u00fcnk\u00fc hijyenine ve ferahl\u0131\u011f\u0131na kavu\u015fturuyoruz.<\/p>\n\t\t\t\t\t<\/div>\n\t\t\t\t\t\t<\/div>\n\t\t\t\t<\/div>\n\t\t\t\t<div class=\"elementor-element elementor-element-6c4c37c4 elementor-widget elementor-widget-wd_text_block\" data-id=\"6c4c37c4\" data-element_type=\"widget\" data-widget_type=\"wd_text_block.default\">\n\t\t\t\t<div class=\"elementor-widget-container\">\n\t\t\t\t\t\t\t<div class=\"wd-text-block reset-last-child text-left\">\n\t\t\t\n\t\t\t<p><strong data-start=\"523\" data-end=\"557\">Profesyonel ve Hassas Temizlik<\/strong><br data-start=\"557\" data-end=\"560\" \/>Hatay\u2019da uzman ekibimiz, yorgan t\u00fcr\u00fcne (pamuk, y\u00fcn, elyaf, kaz t\u00fcy\u00fc vb.) uygun temizlik y\u00f6ntemleri uygulayarak yorganlar\u0131n\u0131z\u0131n formunu korur. Kulland\u0131\u011f\u0131m\u0131z sa\u011fl\u0131\u011fa zarars\u0131z ve \u00e7evre dostu temizlik \u00fcr\u00fcnleri, hem insan sa\u011fl\u0131\u011f\u0131na hem de kuma\u015f dokusuna zarar vermez.<\/p>\n\t\t\t\t\t<\/div>\n\t\t\t\t\t\t<\/div>\n\t\t\t\t<\/div>\n\t\t\t\t\t<\/div>\n\t\t<\/div>\n\t\t\t\t\t<\/div>\n\t\t<\/section>\n\t\t\t\t\t<\/div>\n\t\t<\/div>\n\t\t\t\t<div class=\"elementor-column elementor-col-50 elementor-top-column elementor-element elementor-element-3845439d\" data-id=\"3845439d\" data-element_type=\"column\">\n\t\t\t<div class=\"elementor-widget-wrap elementor-element-populated\">\n\t\t\t\t\t\t<div class=\"elementor-element elementor-element-300299e1 elementor-widget elementor-widget-wd_image_or_svg\" data-id=\"300299e1\" data-element_type=\"widget\" data-widget_type=\"wd_image_or_svg.default\">\n\t\t\t\t<div class=\"elementor-widget-container\">\n\t\t\t\t\t\n\t\t<div class=\"wd-image text-center\">\n\t\t\t\t\t\t\t\t<img fetchpriority=\"high\" decoding=\"async\" width=\"580\" height=\"500\" src=\"https:\/\/renhalikoltukyikama.com.tr\/wp-content\/uploads\/2025\/08\/Adsiz-tasarim-2025-08-11T125346.680.png\" class=\"attachment-full size-full\" alt=\"\" srcset=\"https:\/\/renhalikoltukyikama.com.tr\/wp-content\/uploads\/2025\/08\/Adsiz-tasarim-2025-08-11T125346.680.png 580w, https:\/\/renhalikoltukyikama.com.tr\/wp-content\/uploads\/2025\/08\/Adsiz-tasarim-2025-08-11T125346.680-348x300.png 348w, https:\/\/renhalikoltukyikama.com.tr\/wp-content\/uploads\/2025\/08\/Adsiz-tasarim-2025-08-11T125346.680-430x371.png 430w, https:\/\/renhalikoltukyikama.com.tr\/wp-content\/uploads\/2025\/08\/Adsiz-tasarim-2025-08-11T125346.680-150x129.png 150w\" sizes=\"(max-width: 580px) 100vw, 580px\" \/>\t\t\t\t\t<\/div>\n\n\t\t\t\t\t\t<\/div>\n\t\t\t\t<\/div>\n\t\t\t\t\t<\/div>\n\t\t<\/div>\n\t\t\t\t\t<\/div>\n\t\t<\/section>\n\t\t\t\t<\/div>\n\t\t","protected":false},"excerpt":{"rendered":"<p>Yorgan Y\u0131kama Yorganlar, \u00f6zellikle k\u0131\u015f aylar\u0131nda s\u00fcrekli kullan\u0131ld\u0131klar\u0131 i\u00e7in zamanla toz, kir, ter ve bakterileri hapseder. D\u00fczenli olarak temizlenmeyen yorganlar<\/p>\n","protected":false},"author":1,"featured_media":0,"parent":0,"menu_order":0,"comment_status":"closed","ping_status":"closed","template":"","meta":{"footnotes":""},"class_list":["post-24867","page","type-page","status-publish","hentry"],"_links":{"self":[{"href":"https:\/\/renhalikoltukyikama.com.tr\/index.php?rest_route=\/wp\/v2\/pages\/24867","targetHints":{"allow":["GET"]}}],"collection":[{"href":"https:\/\/renhalikoltukyikama.com.tr\/index.php?rest_route=\/wp\/v2\/pages"}],"about":[{"href":"https:\/\/renhalikoltukyikama.com.tr\/index.php?rest_route=\/wp\/v2\/types\/page"}],"author":[{"embeddable":true,"href":"https:\/\/renhalikoltukyikama.com.tr\/index.php?rest_route=\/wp\/v2\/users\/1"}],"replies":[{"embeddable":true,"href":"https:\/\/renhalikoltukyikama.com.tr\/index.php?rest_route=%2Fwp%2Fv2%2Fcomments&post=24867"}],"version-history":[{"count":4,"href":"https:\/\/renhalikoltukyikama.com.tr\/index.php?rest_route=\/wp\/v2\/pages\/24867\/revisions"}],"predecessor-version":[{"id":24873,"href":"https:\/\/renhalikoltukyikama.com.tr\/index.php?rest_route=\/wp\/v2\/pages\/24867\/revisions\/24873"}],"wp:attachment":[{"href":"https:\/\/renhalikoltukyikama.com.tr\/index.php?rest_route=%2Fwp%2Fv2%2Fmedia&parent=24867"}],"curies":[{"name":"wp","href":"https:\/\/api.w.org\/{rel}","templated":true}]}}